
What is the units digit of 4962977?
7
What is the hundred thousands digit of 9315674?
3
What is the units digit of 45335?
5
What is the ten thousands digit of 7451629?
5
What is the thousands digit of 5023228?
3
What is the hundred thousands digit of 315432?
3
What is the units digit of 2504814?
4
What is the thousands digit of 235369?
5
What is the thousands digit of 4665537?
5
What is the ten thousands digit of 36872?
3
What is the millions digit of 1090918?
1
What is the tens digit of 4024812?
1
What is the millions digit of 4708979?
4
What is the hundred thousands digit of 16968782?
9
What is the hundreds digit of 29757291?
2
What is the millions digit of 2874700?
2
What is the millions digit of 16858131?
6
What is the hundred thousands digit of 244280?
2
What is the hundred thousands digit of 478290?
4
What is the ten thousands digit of 12834610?
3
What is the units digit of 3117421?
1
What is the ten thousands digit of 1271685?
7
What is the thousands digit of 5409?
5
What is the units digit of 302743?
3
What is the hundreds digit of 1413677?
6
What is the hundreds digit of 1215124?
1
What is the hundred thousands digit of 1416397?
4
What is the thousands digit of 319242?
9
What is the units digit of 2279204?
4
What is the units digit of 2511039?
9
What is the units digit of 166447?
7
What is the tens digit of 272839?
3
What is the hundreds digit of 248064?
0
What is the tens digit of 33930?
3
What is the hundreds digit of 1395401?
4
What is the hundred thousands digit of 5362457?
3
What is the millions digit of 31462969?
1
What is the hundreds digit of 918670?
6
What is the ten thousands digit of 17309587?
0
What is the tens digit of 3507686?
8
What is the hundred thousands digit of 12932791?
9
What is the hundred thousands digit of 275113?
2
What is the ten millions digit of 23086877?
2
What is the tens digit of 787948?
4
What is the thousands digit of 274098?
4
What is the millions digit of 1143965?
1
What is the ten thousands digit of 20629440?
2
What is the hundred thousands digit of 7992898?
9
What is the ten thousands digit of 1846830?
4
What is the hundreds digit of 222918?
9
What is the thousands digit of 10492406?
2
What is the thousands digit of 2664416?
4
What is the thousands digit of 719034?
9
What is the hundreds digit of 4939781?
7
What is the units digit of 570146?
6
What is the thousands digit of 16227056?
7
What is the hundred thousands digit of 1272032?
2
What is the thousands digit of 160959?
0
What is the units digit of 451635?
5
What is the tens digit of 172383?
8
What is the hundred thousands digit of 2673765?
6
What is the tens digit of 7915873?
7
What is the ten millions digit of 24955423?
2
What is the millions digit of 2263433?
2
What is the units digit of 51665?
5
What is the units digit of 7676576?
6
What is the units digit of 75775?
5
What is the ten thousands digit of 1682515?
8
What is the tens digit of 1147851?
5
What is the ten thousands digit of 2551785?
5
What is the ten thousands digit of 180240?
8
What is the ten thousands digit of 95510?
9
What is the hundreds digit of 672147?
1
What is the hundreds digit of 3489975?
9
What is the thousands digit of 60113?
0
What is the hundreds digit of 21796603?
6
What is the hundred thousands digit of 159770?
1
What is the hundreds digit of 870174?
1
What is the hundreds digit of 52906?
9
What is the millions digit of 3883697?
3
What is the hundreds digit of 128061?
0
What is the tens digit of 812011?
1
What is the units digit of 367476?
6
What is the millions digit of 4567515?
4
What is the ten thousands digit of 388025?
8
What is the units digit of 5493056?
6
What is the ten thousands digit of 1156957?
5
What is the hundred thousands digit of 511383?
5
What is the units digit of 2164291?
1
What is the thousands digit of 300949?
0
What is the hundred thousands digit of 1883666?
8
What is the tens digit of 83746?
4
What is the hundred thousands digit of 26293447?
2
What is the thousands digit of 970826?
0
What is the hundreds digit of 790418?
4
What is the thousands digit of 584942?
4
What is the hundreds digit of 463678?
6
What is the thousands digit of 79596?
9
What is the thousands digit of 184382?
4
What is the ten thousands digit of 205011?
0
What is the ten thousands digit of 1644428?
4
What is the ten thousands digit of 1373784?
7
What is the hundreds digit of 1875146?
1
What is the hundred thousands digit of 946475?
9
What is the ten thousands digit of 246588?
4
What is the ten thousands digit of 324159?
2
What is the units digit of 1662061?
1
What is the thousands digit of 84215?
4
What is the ten thousands digit of 5383314?
8
What is the tens digit of 18422639?
3
What is the hundreds digit of 1558290?
2
What is the units digit of 381589?
9
What is the tens digit of 51829?
2
What is the tens digit of 769196?
9
What is the units digit of 1278582?
2
What is the units digit of 4413031?
1
What is the millions digit of 2905765?
2
What is the tens digit of 4726483?
8
What is the units digit of 15657617?
7
What is the tens digit of 9937541?
4
What is the millions digit of 5219882?
5
What is the hundred thousands digit of 105670?
1
What is the units digit of 383058?
8
What is the tens digit of 5572252?
5
What is the thousands digit of 34537450?
7
What is the tens digit of 190872?
7
What is the ten thousands digit of 16218936?
1
What is the hundreds digit of 155580?
5
What is the ten thousands digit of 1313682?
1
What is the units digit of 524974?
4
What is the hundred thousands digit of 200419?
2
What is the hundreds digit of 2360835?
8
What is the hundreds digit of 30060008?
0
What is the millions digit of 1899948?
1
What is the tens digit of 346603?
0
What is the millions digit of 30058675?
0
What is the units digit of 250048?
8
What is the hundred thousands digit of 1378415?
3
What is the units digit of 6282761?
1
What is the ten thousands digit of 531272?
3
What is the units digit of 1685962?
2
What is the thousands digit of 154010?
4
What is the tens digit of 8978810?
1
What is the hundred thousands digit of 17488904?
4
What is the thousands digit of 27532159?
2
What is the ten thousands digit of 1342000?
4
What is the hundred thousands digit of 10695845?
6
What is the hundreds digit of 133926?
9
What is the thousands digit of 360944?
0
What is the hundred thousands digit of 823194?
8
What is the ten thousands digit of 3660078?
6
What is the thousands digit of 8591480?
1
What is the millions digit of 19870229?
9
What is the tens digit of 21773230?
3
What is the millions digit of 1796196?
1
What is the units digit of 44147?
7
What is the ten thousands digit of 76091?
7
What is the tens digit of 23014?
1
What is the hundreds digit of 10771459?
4
What is the hundred thousands digit of 10012075?
0
What is the tens digit of 4245285?
8
What is the hundreds digit of 991112?
1
What is the hundreds digit of 8004200?
2
What is the millions digit of 1408499?
1
What is the hundred thousands digit of 649180?
6
What is the hundreds digit of 182371?
3
What is the ten thousands digit of 207202?
0
What is the tens digit of 2897620?
2
What is the ten thousands digit of 8886398?
8
What is the millions digit of 6867893?
6
What is the units digit of 12249375?
5
What is the millions digit of 1013919?
1
What is the hundred thousands digit of 2935690?
9
What is the ten millions digit of 14745178?
1
What is the hundreds digit of 287744?
7
What is the hundred thousands digit of 1103997?
1
What is the hundred thousands digit of 708521?
7
What is the tens digit of 21185113?
1
What is the thousands digit of 5133434?
3
What is the hundreds digit of 836414?
4
What is the ten thousands digit of 707961?
0
What is the units digit of 364975?
5
What is the thousands digit of 922309?
2
What is the hundred thousands digit of 303580?
3
What is the hundreds digit of 4864382?
3
What is the units digit of 43722?
2
What is the hundred thousands digit of 4827655?
8
What is the hundred thousands digit of 7318108?
3
What is the thousands digit of 6468663?
8
What is the millions digit of 10285558?
0
What is the units digit of 8559135?
5
What is the tens digit of 1122098?
9
What is the hundred thousands digit of 1892658?
8
What is the tens digit of 2092204?
0
What is the ten thousands digit of 631